0.
119
Let g = 249 + -199. What is the remainder when 145 is divided by g?
45
Suppose 3*v = -3*j + 639 - 186, j = 3. Calculate the remainder when 84 is divided by (-4)/(-10) + v/5.
24
Suppose 5*n + 42 = 27, 5*n = -4*p + 345. What is the remainder when p is divided by 33?
24
Let h(c) = 157*c**2 + 14*c + 14. Suppose 2*b - 2*w - 64 = 0, -b + 12 = 3*w - 20. Calculate the remainder when h(-1) is divided by b.
29
Let o = 17 - 12. Suppose -t + j = -26, 0 = -o*t + t - j + 89. Calculate the remainder when t is divided by 13.
10
Suppose -27 = r - 2*b, -2*b - 3*b - 135 = 5*r. Let g = r + 56. What is the remainder when 114 is divided by g?
27
Suppose -9*f + 7*f = -14. Let v = -10 + 1. What is the remainder when 4 - v - 2/1 is divided by f?
4
Let z be (14/3)/((-1)/15). Suppose 35*w = 38*w - 327. Let t = z + w. What is the remainder when t is divided by 14?
11
Let w be -137 + -2 + (0 - -3). Let a = -77 - w. Suppose -2*b - 4*f - 7 = -45, 5*f - 10 = 0. What is the remainder when a is divided by b?
14
Suppose -3*u + 384 = -3*g, 5*u - 4*u - 5*g = 128. Calculate the remainder when u is divided by 12.
8
Let f(o) = -4*o + 5. What is the remainder when f(-5) is divided by (3/(-1) - 3)*15/(-6)?
10
What is the remainder when 260 is divided by -11 + -1 - (6 + -95)?
29
Suppose -7*i = -3*i - 16. Suppose i*g = 5*g - 54. What is the remainder when g is divided by 21/2*(-12)/(-9)?
12
Let v = 77 + -50. Suppose 4*g = g + v. Suppose 3*k + 0 = g. Calculate the remainder when 5 is divided by k.
2
Let h(b) = b**2 - 21*b. Let d be h(21). Suppose d = -5*p + 340 - 175. Calculate the remainder when p is divided by 6.
3
Suppose 2*j - 3*x - 7 - 23 = 0, -2*x - 28 = -2*j. Suppose -j*f + 12 = -11*f. Calculate the remainder when 53 is divided by f/1*7/3.
25
Let h(z) = 2*z**3 - 63*z**2 - 27*z - 133. Suppose 4*u - 214 = 2*u. What is the remainder when u is divided by h(32)?
26
Let u = 2075 + -2032. Calculate the remainder when 601 is divided by u.
42
Let z = 18 - 12. Suppose -70 = 4*n - 130. What is the remainder when n is divided by z?
3
Let a(r) = -r**2 + 12*r - 21. Let c be a(14). Let b be (14/c)/(1/(-91)). Let t = b - 16. Calculate the remainder when t is divided by 6.
4
Suppose 139 = 10*j - 11. Suppose -234 = -4*m + y, 0*y - 4*y - 287 = -5*m. What is the remainder when m is divided by j?
14
Let o(a) = -2*a**3 - 5*a**2 - 4*a. Let y be ((-7)/(-28))/((-1)/(-8)). Let f(j) = 4*j**3 + 2*j**2 - j + 2. Calculate the remainder when f(y) is divided by o(-3).
19
Let w(i) = 3*i**2 - 12*i - 23. Let y be w(-5). Suppose -2*k - 2 = 4, 4*q - y = 4*k. What is the remainder when 149 is divided by q?
24
Suppose -3*y - 13 = -4*y. What is the remainder when y is divided by 7/((-7)/(-3)) + 4?
6
Suppose -6*t = 4*t - 1660. What is the remainder when t is divided by 34?
30
Suppose 4*f - f = 15, -35 = -c + 4*f. Calculate the remainder when c is divided by 212/15 + (-12)/90.
13
Suppose 4*p = -14*p + 1080. What is the remainder when p is divided by 23?
14
What is the remainder when 482 is divided by (-1 + 2)*7 - (-73 - -26)?
50
Let s(w) = -w**2 - 10*w - 13. Let a be s(-9). What is the remainder when (-605)/a + (-16)/64 is divided by 38?
37
Suppose 8*j - 350 = 74. Let u = j - 25. Calculate the remainder when 54 is divided by u.
26
Let y = 39 + -18. Suppose y + 14 = 5*n. Calculate the remainder when 30 - ((3 - 7) + n) is divided by 14.
13
Suppose 11*k = 10*k + 3. Suppose 3*m = 2*r - 367, -k*r = 3*m - 301 - 242. Calculate the remainder when r is divided by 37.
34
Suppose i + 3*p - 57 = 47, -2*i + 188 = p. Calculate the remainder when i is divided by 17.
7
Let k(w) = 17 - 2*w - 1 + 17 - 9. What is the remainder when 47 is divided by k(8)?
7
Let w = -40 + 169. What is the remainder when w is divided by 45?
39
Calculate the remainder when 120 is divided by 7/(-1) + (-2064)/(-43).
38
Suppose 3*a = 7*a + 36. Let q(w) = w**2 + 8*w - 5. Calculate the remainder when 4/10 + (-43)/(-5) is divided by q(a).
1
Let j(t) = -3*t**3 - 39*t**2 - 39*t + 14. Let d = -4 + 21. Calculate the remainder when j(-12) is divided by d.
16
Suppose 5*y = -4*k + 66, -5*k = y + 3*y - 51. Suppose -11 + 31 = 5*s. Suppose 0 = s*z - 14 - y. What is the remainder when z is divided by 2?
1
Suppose -12 = -8*r + 2*r. Let k = 84 - r. Suppose -43 = -5*t + 3*t + l, 5*l + 89 = 4*t. Calculate the remainder when k is divided by t.
19
Suppose -68*w + 190 = -4*w - 322. Suppose 3*m - f - 3 = 4, -m = 4*f - 24. Suppose m*g = -g + 70. What is the remainder when g is divided by w?
6
Suppose 274 = -3*m + 5*n - 4*n, 5*n + 160 = -2*m. Calculate the remainder when (m/(-75))/(4/(-10)) + 50 is divided by 16.
15
Let f = 119 - -25. Suppose a = 5*a - 4*o - 4, -a + 2 = -2*o. Suppose -w = 4*t - 14, a = -5*w + 2*t + f + 14. Calculate the remainder when w is divided by 11.
8
Let o = -83 - -85. What is the remainder when o is divided by 1?
0
Let a(t) = -t**3 + t + 174. Let i = 42 - 42. Calculate the remainder when a(i) is divided by 44.
42
Let t(j) = j**2 + j + 2. Let r(a) = a**3 - 21*a**2 - 19*a + 19. What is the remainder when r(22) is divided by t(-5)?
19
Suppose -308 = -5*o + a, -4*o + 0*a - 2*a + 238 = 0. What is the remainder when o is divided by 2?
1
Let d(f) = -f**2 + 33*f + 61. What is the remainder when 149 is divided by d(34)?
14
Let q be ((-20)/(-2) - 1)*-1. Let v be 3*((-15)/q + -3). Calculate the remainder when (2/v)/((-3)/450) is divided by 26.
23
Let t(p) = -p**2 - 6*p + 8. Let g be t(-9). Let z = g - -64. Calculate the remainder when 131 is divided by z.
41
Suppose -f - 20 = -60. Suppose 3*c + 3*r - 4*r - 32 = 0, r = 4. Let x(m) = -m + 26. Calculate the remainder when f is divided by x(c).
12
Let v = -4 + 7. Suppose 4*y + 126 = 13*y. Suppose 2 + 40 = y*p. Calculate the remainder when v is divided by p.
0
Suppose 0 = k - 2*p + 7*p + 11, 0 = 2*k - p. Calculate the remainder when 51 is divided by (0 - 1) + 15 + k.
12
Suppose 3*h - 427 = 10*h. Calculate the remainder when (h - -2)*(-3)/3 is divided by 13.
7
Suppose -5*y + 4*h = -106, 4*h - 39 = -2*y + 9*h. Calculate the remainder when 275 is divided by y.
11
Suppose 23 + 33 = 5*x - 3*d, 0 = 4*d - 12. What is the remainder when 103 is divided by x?
12
Let y be (9/(-12))/(2*6/(-32)). Calculate the remainder when (-2)/6 - (-10)/3 is divided by (-6)/(-4)*y - 0.
0
Let c = -1032 - -1224. Calculate the remainder when c is divided by 98.
94
Let z be 48 + -1*(3 + 1). Suppose z = -3*a + 7*a. Calculate the remainder when 43 is divided by a.
10
Let j be 4/(-14) + (-32)/(-14). Suppose -i + 5*g = -36, -4*i + i + j*g = -121. What is the remainder when i is divided by 6?
5
Suppose -4*b + 12 = t, -4*b - 50 = -4*t + 18. Suppose 0 = w - m - t, -80 = -7*w + 2*w - 3*m. What is the remainder when 122*((-2)/(-4) + 0) is divided by w?
13
Let p = -68 + 125. Let d be 50/6 - (-2 - (-21)/9). Suppose 157 + 3 = d*k. What is the remainder when p is divided by k?
17
Let m(c) = c**3 + 13*c**2 - 2*c + 4. Let t be m(-13). Suppose -4*n - 2*n = -t. Calculate the remainder when n is divided by 3.
2
Suppose -5*y + 2*n + 214 = 0, -6*y + 4*y + 76 = -4*n. What is the remainder when y is divided by 17?
10
Suppose 19*q - 8*q = 22. Suppose -5*w + q = -2*u + u, 2*u + w = 29. Calculate the remainder when 302/8 + (-1)/(-4) is divided by u.
12
Suppose 5*r = -x + 161, -5*x + 3 = -2. Suppose 45 + 90 = 3*s. Suppose -5*a + 0*a + s = 0. What is the remainder when r is divided by a?
5
Let x = -730 + 1016. Calculate the remainder when x is divided by 48.
46
Let g = -1053 - -1119. Calculate the remainder when g is divided by 17.
15
Suppose 25*f - 1520 - 1455 = 0. What is the remainder when f is divided by 113?
6
Suppose 4*o - 246 = o + 4*u, 2*u = 0. Let w = -52 + o. What is the remainder when 117 is divided by w?
27
Suppose 0 = -3*b + 4*b - 4*z - 7, 0 = 5*z. What is the remainder when 7 is divided by 2/b - 231/(-49)?
2
Let s = -189 + 201. Calculate the remainder when 71 is divided by s.
11
Let u(b) be the second derivative of -b**5/20 + b**4/12 - b**3/6 + 13*b**2/2 - b. What is the remainder when (2 + -51 + 0)*-1 is divided by u(0)?
10
Calculate the remainder when 34 is divided by (35/(-21))/(25/(-510)).
0
Let m(a) = 5*a**2 - 8*a - 4. Let s be m(-3). Let z = s - 57. Calculate the remainder when 47 is divided by z.
7
Suppose 65*p = 57*p + 128. Suppose 0 = h - 2 - 0. What i